prime factors of j(8)?
59
Let q(x) = 5*x**3 + x**2 - 1. Suppose -2*w + 5*s + 3 = 0, 0*w - 6 = 3*w + 3*s. Let v be q(w). Let y(m) = m**2 + 3*m + 4. What are the prime factors of y(v)?
2, 7
Let u be ((-10)/(-6))/((-3)/(-54)). Suppose o + u = 4*o. List the prime factors of (-2 + (-4)/o)*-5.
2, 3
What are the prime factors of (1 + 8/(-12))*87?
29
Suppose -5*f - 20 = 5*h, -2*h = 3*h + 2*f + 14. List the prime factors of ((-2)/(-4))/(h/(-60)).
3, 5
Let j be (-125)/2*60/(-25). Suppose j = t + 4*t. List the prime factors of t.
2, 3, 5
Suppose 3*q + 0*q - 5*a - 1 = 0, 0 = 4*q - 3*a - 5. What are the prime factors of q?
2
Let y(s) = -s + 3. Let t be -2 + 2 - (-1 - 4). Let k be y(t). List the prime factors of ((-6)/(-6))/(k/(-26)).
13
Suppose 0 = 2*o - 4, -5*i - 2*o = -3*i - 14. Suppose 1 = -2*q + i. List the prime factors of q.
2
List the prime factors of (-1 - -2)/(1/51).
3, 17
Suppose 2*x + 2*x = -3*k + 197, 4*k = 5*x - 285. List the prime factors of x.
53
Let b(z) = -z**2 - 6*z + 3. Let y be b(-6). Suppose -3*f = f - 16. Suppose -f*j + y - 11 = -4*q, 3*q - 26 = -j. List the prime factors of q.
7
Let q(o) = -2*o - 7. Let a be q(-5). Suppose a*u + 4*t - t = 30, 5*u + 3*t - 44 = 0. What are the prime factors of u?
7
Suppose 0*q - 22 = 3*n + 5*q, 0 = -5*q - 10. Let a be 5*(8/(-10))/n. Let g = 6 - a. List the prime factors of g.
5
Suppose -l = -1, 14 = 5*n - 2*l + l. Suppose 5*s + 2*w = 1 + 1, n*w + 22 = 5*s. List the prime factors of (2 + 3 - s)/1.
3
Suppose -3*a + 14 = -d, 3*d - d + a = 0. Let l = 4 + d. List the prime factors of l.
2
Let g(k) = k**2 - k - 3. Let l be g(3). List the prime factors of 21 - (-5 + 6/l).
2, 3
Let p be 1*(-2 - (-16 - 1)). Suppose -2*q - q = -p. Let u = 15 - q. List the prime factors of u.
2, 5
Let g be 2 - (-2)/(-4)*-2. Suppose 2*f + 5*c = -3*f + 45, -35 = -g*f + c. List the prime factors of f.
11
Suppose 5*x = -10, -5*x + 8 = 2*j - 3*j. Let i = j + 30. What are the prime factors of i?
2, 3
Let g = 3 + 1. Suppose 4*b - 44 = 4*p, 3*b - 6 = 2*b - g*p. Suppose 0 = -w + b - 1. List the prime factors of w.
3
Let j = 335 - 230. List the prime factors of j.
3, 5, 7
Let n be 0 - (2 + 0/3). Let c(k) = -k**2. Let a be c(n). List the prime factors of (-28)/(-16) - 1/a.
2
Suppose 0 = -3*y - 8 + 23. Suppose u - 2*v - 29 = 0, 0*u - y*u + 2*v = -113. Suppose 3*d - 9 = u. List the prime factors of d.
2, 5
Let g(k) = 5*k**2 - 2*k - 2. Suppose -10 = -5*m - 5*f, 0*m - 5*m = -3*f - 10. List the prime factors of g(m).
2, 7
Suppose 5*b + 3*s - 1 - 5 = 0, -b - s + 2 = 0. Let c(m) be the first derivative of m**3/3 - m**2/2 + 15*m + 15. List the prime factors of c(b).
3, 5
Let t(a) be the first derivative of a**3/3 + 3*a**2/2 + 2. Let g be t(-4). Let c(s) = -s**3 + 5*s**2 - 3*s + 6. List the prime factors of c(g).
2, 5
Suppose -5*u + 30 = 3*d, 0*u - u - 5*d + 28 = 0. Suppose 0*z = -u*z. Suppose 4*p + 2*o - 8 = 0, 4*p - o = -z*p + 14. List the prime factors of p.
3
Suppose -f + 2*s - 7 + 23 = 0, 4*f = 3*s + 39. Let i(a) = a**3 - 5*a**2 - 9*a + 9. Let d be i(f). Let u = 7 - d. What are the prime factors of u?
2
Let c be 49/6 + (-1)/6. Suppose -9 - c = -g. Suppose i - g + 1 = 0. List the prime factors of i.
2
Let c = 35 - 18. List the prime factors of c.
17
List the prime factors of ((-75)/9)/(4/(-36)).
3, 5
Let r(f) = -f**2 - 10*f + 9. Let b be r(-10). What are the prime factors of 51/b*3 + -2?
3, 5
Let k(f) be the third derivative of -f**4/12 + f**3/6 - 4*f**2. Let a be k(-1). Let u(l) = 9*l - 4. What are the prime factors of u(a)?
23
What are the prime factors of ((-20)/12)/(2/(-72))?
2, 3, 5
Let a(t) = -4 - 5*t + 1 + 2*t**2 + 2*t**2 - 5*t**2. Let l be a(-3). What are the prime factors of l*1 + (-6 - -5)?
2
Suppose -5*a + 3*g - 92 + 37 = 0, 2*a + 2*g = -6. Let l = 15 - a. What are the prime factors of l?
23
Let w(o) be the second derivative of o**4/3 + o**3/2 + o**2 - 2*o. List the prime factors of w(-2).
2, 3
Suppose 3*m - 6 = -q, -m + 3*m - q = 9. Suppose -m*x = -6*x + 78. List the prime factors of x.
2, 13
Let d be (-2)/11 - 4/(-22). Suppose d*p + 2*p + 4 = -4*x, 3*p + 3*x + 3 = 0. Suppose i - 2*l = -p*l + 21, 4*i = -5*l + 32. What are the prime factors of i?
13
Suppose -c = -11 - 2. What are the prime factors of c?
13
Let z(i) = i**2 + 4*i + 6. Let y(v) = v**2 + 5*v - 3. Let r be y(-5). Let d be r + 0 - (0 - -1). What are the prime factors of z(d)?
2, 3
Let c(w) = w**2 - w - 82. Let q be c(0). Let d be 6/(-15) - q/5. Suppose -4*n = -5*g - d, -5 = -n + g - 0*g. List the prime factors of n.
3
Let v(g) = -g**3 + 3*g**2 + 6*g - 6. Let c be v(4). Suppose 5*z - 2*y - 56 = 0, 4*y = z + c*z - 28. List the prime factors of z.
2, 3
Let c(u) = -34*u**2 - u. Let i be c(1). Let z = i - -25. What are the prime factors of (2 + 3)*(-6)/z?
3
Suppose 4 = v + 2*j, 17 = 5*v + 4*j - 15. List the prime factors of v.
2
Let s be (2*6)/((-6)/4). Let p(a) = a**3 + 7*a**2 - 11*a - 10. List the prime factors of p(s).
2, 7
Let n(q) be the third derivative of -q**5/60 + 5*q**4/12 - 5*q**3/3 - 3*q**2. List the prime factors of n(8).
2, 3
Suppose -3*a = -0*a. Suppose -3*r + 8*r - 125 = a. What are the prime factors of r?
5
Suppose -1 = -4*c + 107. List the prime factors of c.
3
Suppose 10 = -5*a, 0*l - 26 = -3*l + a. What are the prime factors of l?
2
Let r(b) be the third derivative of -b**4/24 - b**3/2 + b**2. Let i(z) = -5*z**3 - z**2 + z - 1. Let p be i(1). What are the prime factors of r(p)?
3
Suppose -3*j + 12 = 5*y - 18, 0 = -3*y + j + 18. List the prime factors of y.
2, 3
Suppose 0 = n + 6*n - 763. List the prime factors of n.
109
Let q be (0 - -1)/(1 - 0). Let k be ((-1)/q)/((-2)/6). Suppose o - k*o = -8. What are the prime factors of o?
2
List the prime factors of (-3 + 2)*556/(-2 + -2).
139
Suppose -235 = -5*v + 2*y, y = 2*v - 140 + 45. List the prime factors of v.
3, 5
Let d(p) = -p + 8. Let c be d(7). Let w(k) = -k**2 - k + 1. Let r(l) = 2*l**2 + 4*l - 4. Let t(o) = -r(o) - 4*w(o). List the prime factors of t(c).
2
Let g(y) = y + 3. Let v(p) = -p + 4. Let b be v(7). Let l be g(b). Let h(m) = -m + 9. What are the prime factors of h(l)?
3
Suppose -4*x + 280 = -5*j + 3*j, 5*j = -5*x + 380. Suppose -12 - x = -4*r. Let f = -12 + r. What are the prime factors of f?
3
Suppose 0 = 2*o + 2*o - 24. Suppose 4*r = 2*w + 16, r = -4*r - 3*w + 42. Let f = r + o. List the prime factors of f.
2, 3
Suppose 0*v - v + 3 = 0. Let y be (-2)/(-3)*v/(-2). Let m(q) = q**2 - q. What are the prime factors of m(y)?
2
Let w = -3 - -5. Suppose 5*v + m = 32, 4*v + 3*m = w*m + 26. List the prime factors of v.
2, 3
Let v(m) = -m**3 - 4*m**2 + 6*m - 8. Let b = 9 + -15. What are the prime factors of v(b)?
2, 7
Let j = 2 + -1. List the prime factors of ((-22)/6)/(j/(-3)).
11
Let h(n) = -n**2 - 5*n - 2. Let a be h(-4). What are the prime factors of -10*(3/a + -2)?
5
Let x(s) be the second derivative of -s**4/12 + 7*s**2/2 - 3*s. What are the prime factors of x(0)?
7
Let y(x) = 29*x**2 + 3*x + 8. List the prime factors of y(-3).
2, 5, 13
Let g be 22/(-10) + 1/5. List the prime factors of 4*g/(-4)*3.
2, 3
Suppose 0 = 2*w + 21 + 9. Let v = w - -25. What are the prime factors of v?
2, 5
Suppose 5*b - b - 3*n - 23 = 0, -4*n - 26 = -3*b. Suppose -6*p + b*p = -56. List the prime factors of p.
2, 7
Suppose -8*z = -4*z - 108. List the prime factors of z.
3
Suppose -5 = -4*f + 19. Suppose -o = -2*d + f*d - 21, -5*o - 5 = -2*d. Suppose 3 + 12 = d*g. List the prime factors of g.
3
List the prime factors of ((-6)/12)/(2/(-508)).
127
Let x(s) = -18*s - 6. Let p be x(-5). Suppose -4*c = 2*a - p, 5*a + 4 + 6 = 0. Suppose -v + c = v. What are the prime factors of v?
11
List the prime factors of -4 + (1 - 5) + 31.
23
Suppose -d + 2*d + 30 = 0. List the prime factors of 1*d*(-6)/9.
2, 5
Let o = -9 - -14. Suppose -o*k + 37 = -2*z - 7, -2*k + 26 = -5*z. List the prime factors of k.
2
Suppose 3*k + 12 = 0, x + 6 = -3*k + k. Suppose -12 = -x*i - 3*t - 1, 4*i = -4*t + 32. List the prime factors of i.
13
Suppose 0*a = p - 5*a - 72, -3*a + 112 = p. What are the prime factors of p?
97
Suppose 6*k - 3*k - 2*t - 20 = 0, 3*k + 5*t = -8. Let u(p) = p**2 - 5*p + 5. Let f be u(k). Let j = f + 5. What are the prime factors of j?
2, 3
Let j be ((-276)/6)/(-2 + 0). Suppose b - 44 = 5*b. Let v = j + b. What are the prime factors of 